
Let r(d) = -9 - 249*d + d**2 + 490*d - 248*d. Give r(7).
-9
Let d(i) be the third derivative of -3*i**4/8 - 2*i**3/3 - 16*i**2. Let b(t) = 5*t + 2. Let x = -12 + 18. Let r(j) = x*d(j) + 11*b(j). Determine r(-2).
-4
Let w(u) = u**3 - u - 1. Let l(r) = -r**2 - r + 2. Let m(c) = -l(c) - w(c). Let n be (-1)/(-1 + -1 + 1). What is m(n)?
1
Let o(t) = 0*t + 3 + 2*t - 3*t + 0*t. Suppose 4*p - 15 = 3*c, 5*c = -1 - 4. Determine o(p).
0
Let l(p) = -2*p - 8*p**2 + 7*p**2 + 1 + p + 7*p**3 + 0*p. Suppose 2*v + 5 = 7*v. Determine l(v).
6
Let g(x) = -3*x + 0*x + 6 + x**2 + 0*x**2 - 3*x. What is g(5)?
1
Let d = 5 + 5. Let u = d + -14. Let x(n) = n**2. Let r(w) = w**3 + 10*w**2 + 5*w - 2. Let o(p) = -r(p) + 5*x(p). Determine o(u).
6
Let h(s) = -3*s - 1. Suppose -l + 3*u - 4 = 0, 3*u - 1 - 18 = -2*l. Suppose 0*b = -l*b - 5. Let o(f) = -2*f**2. Let k be o(b). What is h(k)?
5
Suppose -3*d - 2*d - 25 = 0. Let h(r) = -7*r - 7. Calculate h(d).
28
Let u(m) = m**2 + 5*m + 1. Suppose s + 3*s + 3*c = 67, 2*s - 30 = 2*c. Suppose 2*z + 3*z - 4*y = -s, 0 = z + 2*y + 6. Determine u(z).
-3
Let r(b) = b**2 - b - 2. Let p(q) be the second derivative of q**3/6 + q**2/2 - 3*q. Let t be p(-2). Let f be 4/8 + t/2. What is r(f)?
-2
Let a(n) be the third derivative of n**4/24 - n**3/2 - 2*n**2 + 7. Suppose 0 = 3*c - 0*b + 5*b - 48, 3*c + 4*b = 45. Let r = c + -8. What is a(r)?
0
Let j(b) = -b**3 - 2*b - 3. Suppose 2*m + 2*u + 10 = -m, -4*m + 3*u = 2. Give j(m).
9
Let g(h) = -h**2 + 4. Let j be g(2). Let s(v) = -v**2. Calculate s(j).
0
Let b(t) = t**2 + 7*t - 2. Let q be b(-7). Let n(s) = 3*s**3 + 3*s**2 + s + 2. Give n(q).
-12
Let s(m) = -m**3 - 6*m**2 - 5*m + 5. Let j be s(-5). Suppose -j*x = -6 - 9. Let n(b) = b - 4. What is n(x)?
-1
Let p(f) = f**2. Let m(b) be the third derivative of b**5/15 + b**4/4 + 2*b**3/3 - 4*b**2. Let d(z) = -m(z) + 5*p(z). Determine d(6).
-4
Let l(w) = w**3 + w**2 - 3. Let p be (9/12)/((-2)/(-8)). Suppose -5*t + f - 3 = 0, -4*t + 2*f - 6 = -p*t. Let g be (3 - 4)*t/(-1). Determine l(g).
-3
Let r(z) = -z**3 + 4*z**2 - 3*z. Let s be r(3). Let v(q) = -2*q**2 - q - 6. Let m(k) = k**2. Suppose -5*y + 3 = -2*y. Let g(b) = y*v(b) + m(b). What is g(s)?
-6
Let s(n) = 1 - 2*n**3 - n**3 + 3*n + 5*n**3 - 6*n**2 - n**3. Let x = -6 + 11. What is s(x)?
-9
Let u(c) = c**2 - 4*c + 4. Let j(r) = -r**3 + 5*r**2 + 6*r + 3. Let z = 24 - 13. Suppose -5*n = 5*a - 10, -z = -a + 4*n + 11. Let l be j(a). Give u(l).
1
Let k(t) be the second derivative of -1/20*t**5 + 0*t**2 + 1/3*t**3 + 1/4*t**4 + 4*t + 0. Let d be -2 - (-8 - -2 - -1). Give k(d).
6
Suppose -5 = -3*w - 2. Let o(b) = -19*b**2 + 1. Calculate o(w).
-18
Suppose -i + g = 0, -3*i + 9 + 26 = 4*g. Let r(w) = -w**2 + 7*w + 2. What is r(i)?
12
Let b = -3 + 3. Suppose 4*t + b*t = 0. Let w(n) = -4*n + 5 + 4*n + n. Give w(t).
5
Suppose f + 5*s = 7 + 3, -6 = -f - s. Let i(n) = 7*n**2 + 1 + f - 5 + 2*n. What is i(-1)?
6
Let m(j) be the first derivative of j**4/4 + 5*j**3/3 - 5*j**2/2 + 6*j + 2. Suppose f - 2*f = 4*z + 28, -4*z - 36 = 3*f. Give m(z).
0
Let w(m) be the second derivative of -m**5/20 - m**4/4 + m**3 + 3*m**2 + 38*m. Give w(-4).
-2
Let o(n) be the second derivative of 1/2*n**3 + 3/2*n**2 + 0 + 10*n. What is o(3)?
12
Let h(c) = -c**3 - 2*c**2 + 3*c - 2. Suppose 8 = -4*x - 8. Calculate h(x).
18
Let k(u) = -2*u**3 - 2*u**2 - 2*u - 1. Let q be k(-1). Suppose 1 = -4*s + 2*p + 7, -5 = -5*p. Let x(m) = m + s + 5 - 6. Determine x(q).
2
Let p(t) be the second derivative of 4*t**3/3 + t**2/2 + 2*t. Suppose -h + 0*n = -5*n + 5, -18 = -2*h - 4*n. Suppose -s = -6*s - h. Calculate p(s).
-7
Let k(t) = -259*t**3 + 1 + t + 2*t**2 + 260*t**3 - 3*t**2. Let y(p) = p. Let h be y(-1). Give k(h).
-2
Let g be (-30)/(-14) + 1/(-7). Let h(j) = 11 + 9 - 10*j**3 + g*j**2 - 21. What is h(1)?
-9
Let g = 1 + -1. Suppose g = -n - 3*r - 14, 0*r = -4*n - r - 23. Let o(z) = -z**2 - 5*z + 6. Give o(n).
6
Suppose 4 = -4*p + 8*p. Let w(h) = p - 1 + 3 + h - 2. Give w(5).
6
Let g(w) be the third derivative of -w**6/120 - w**5/15 - w**4/12 - w**3/2 - 18*w**2. Determine g(-4).
5
Let d(b) be the first derivative of 0*b - 1/24*b**4 - 1/3*b**3 + 1/2*b**2 + 1. Let w(c) be the second derivative of d(c). Calculate w(4).
-6
Suppose b = -5*y + 11, -3*y - 3*b - 4 = -13. Let i be y/(-5) + (-81)/(-15). Let p(u) = u - 6. Calculate p(i).
-1
Let t be (-2)/10 - (-66)/30. Let h(p) be the second derivative of -3*p**5/20 + p**4/4 - p**2 + 4*p. What is h(t)?
-14
Let c(w) = w**3 + 6*w**2 + 6*w + 2. Let s = -6 - -8. Suppose -3*f - 37 = 5*j, -3*j + s*j - f = 9. Give c(j).
-3
Let x(y) = -3*y**2 + 2 - y - 2*y**2 + 6*y**2. Suppose 0 = 2*f - 7*f - 15. Let k be (-3)/4*(f + -1). Calculate x(k).
8
Let t(g) = 2*g**2 - g - 1. Let h be t(-1). Let a(w) = 20*w**3 + 4*w**h - 1 - 2*w**2 - 5*w**3. Give a(-1).
-14
Let h(o) be the second derivative of 1/12*o**4 + 3*o**2 + 0 + 7/6*o**3 + 2*o. Suppose -w - 1 = 4. Give h(w).
-4
Let y(c) be the first derivative of c**6/120 - c**4/12 + c**3/6 + 3*c**2 - 3. Let k(f) be the second derivative of y(f). Give k(-2).
-3
Let n be (-2)/(-4) + (-13)/2. Let g(k) = 7*k + 9. Let m(j) = -6*j - 8. Let b(i) = 5*g(i) + 6*m(i). What is b(n)?
3
Let f(s) = s**3 + 4*s**2 + 2*s + 1. Suppose -4*a - 12 = 0, 0 = i + 2*a + 12 - 3. What is f(i)?
4
Let h(y) = -y**2 + 6*y - 4. Let s(d) = -d**2 + 6*d - 4. Let w(t) = 6*h(t) - 7*s(t). Let k be ((-15)/30)/((-2)/20). Give w(k).
-1
Let l(o) = 7*o + 4*o**3 + o**3 + 5*o**2 - 6*o**3 - 4. Calculate l(6).
2
Let l be (4 - (5 - 3)) + -2 + 7. Let r(o) = o - 5. Calculate r(l).
2
Let m(g) be the third derivative of g**5/60 + g**3/3 + g**2. Suppose 8*v - 32 = -4*i + 3*v, 2*i + 5*v - 26 = 0. Determine m(i).
11
Suppose 3*w - 4 = -7. Let l(o) be the third derivative of 1/6*o**3 + 0 + 0*o - 1/4*o**4 + 2*o**2. Determine l(w).
7
Let z(h) = -4*h**3 + 1. Let m be z(-1). Suppose -5*d - m - 5 = 0, q - 5*d = 10. Let f(u) = 3 - 2*u + q*u - u**2 + 6*u. What is f(5)?
-2
Suppose 25 = 5*l - 0. Let q be 2 - (l - 2)*2. Let w(g) = 3*g**2 + 1. Let c(n) = -5*n**2 + n - 3. Let r(j) = 4*c(j) + 7*w(j). Determine r(q).
-5
Suppose -5*g + 2*v = 3*v + 3, -4*v + 4 = 4*g. Let z(n) = -8*n**3 + 2*n + 1. What is z(g)?
7
Let p(d) = -3*d - 3. Let o be p(2). Let a(j) = -j - 7. Give a(o).
2
Let w(u) = -u**2 - 9*u + 4. Let v(b) = -b**2 + 7*b + 20. Let i be v(10). Calculate w(i).
-6
Let w(z) be the first derivative of 0*z + 1/2*z**2 + 3 - 2/3*z**3. Give w(-2).
-10
Let j(k) be the third derivative of k**5/60 + k**4/24 - 2*k**3/3 + 8*k**2. Calculate j(-5).
16
Let x(w) = -w**2 + 6*w - 2. Suppose -4 = f + 5*r - 2, 2*f - 5*r = -4. Let g = 2 - f. Give x(g).
6
Suppose b - 22 = 5*w, 5*w + 3*b + 24 = 2*w. Let o(y) = 4*y + 2. Let d(a) = 7*a + 4. Let c(j) = 3*d(j) - 5*o(j). What is c(w)?
-3
Let m be 2/5 + (-96)/15. Let z(c) = c**2 - 6*c + 10. Let v(x) = -1. Let t(f) = m*v(f) - z(f). What is t(5)?
1
Let h(m) be the first derivative of -m**2/2 - 4*m + 7. Suppose 0 = w - 3*w. Let q be (w - (-1)/2)*8. Determine h(q).
-8
Let h(b) = 2*b - 4. Let x be ((-3)/9)/(1/(-9)). Let o be (2 - (x + 2)) + -1. Calculate h(o).
-12
Let d(v) = -4*v. Suppose q = 3*f + 5, 3*f + 1 = 2*f. Let m = q + -4. Let l be (-2 + 6 + m)*1. What is d(l)?
-8
Let r(n) = -2 + n**2 + 7*n + 4 - 1. Let m = 9 + -5. Let c be 2 + -3 - m*1. What is r(c)?
-9
Let b(y) be the third derivative of -y**6/120 - y**5/10 + y**4/12 + 7*y**3/6 - 9*y**2. Determine b(-6).
-5
Let h(u) = -5 - 2*u + 4*u + 2 + 0. Let i(q) = -2*q**2 - 20*q - 22. Let n be i(-9). Determine h(n).
-11
Let j(k) = -k**2 - 1. Let w be 10/(-35) + 10/(-14). Let p = w + -1. What is j(p)?
-5
Let o(j) = 16*j**2 - j. Suppose 4 = 4*u + 8. Determine o(u).
17
Let d(c) = -c**3 - 2*c**2 + 2*c - 1. Let x be d(-3). Suppose -3*z + x - 4 = 5*j, 4 = -2*z - 2*j. Let r(b) = b**2 + 5*b + 3. Determine r(z).
-1
Let y be (-1)/2*(-2 + 2). Let s(x) = -x**3 + 6 + y*x**2 + 6*x**2 - 6*x - x. What is s(4)?
10
Let q(d) = -2*d + 3 - 2 - 4. Let c(n) = 3*n + 5. Let y = -10 - -6. Let a(w) = y*c(w) - 7*q(w). Determine a(-4).
-7
Let g(p) be the second derivative of -p**4/12 + p**3 - p**2 + p. Suppose b = -b. Suppose -14 = -4*d + 5*f, b = -d - 6*f + 2*f + 14. Give g(d).
-2
Let z(u) be the second derivative of u**5/20 - u**4/2 + u**3/6 - u**2 + 5*u. Give z(6).
4
Let x(c) = -3*c**3 + 2*c + 3*c**3 - 3*c**3 - 3 - c**2 +